{"id":50,"date":"2024-01-07T22:33:39","date_gmt":"2024-01-07T21:33:39","guid":{"rendered":"https:\/\/lop-poznan.pl\/?page_id=50"},"modified":"2024-01-24T18:34:18","modified_gmt":"2024-01-24T17:34:18","slug":"o-nas","status":"publish","type":"page","link":"https:\/\/lop-poznan.pl\/?page_id=50","title":{"rendered":"O nas"},"content":{"rendered":"\n<p style=\"text-align: justify\">Liga Ochrony Przyrody jest organizacj\u0105 po\u017cytku publicznego. Liga zosta\u0142a utworzona w 1928 roku. G\u0142\u00f3wnym celem organizacji jest kszta\u0142towanie \u015bwiadomo\u015bci i w\u0142a\u015bciwych postaw spo\u0142ecze\u0144stwa w stosunku do otaczaj\u0105cej przyrody i \u015brodowiska naturalnego. Zarz\u0105d Okr\u0119gu LOP w Poznaniu prowadzi konkursy przyrodnicze i ekologiczne dla szk\u00f3\u0142 i szkolnych k\u00f3\u0142 LOP. Ponadto ZO w Poznaniu prowadzi akcje propagandowe, prelekcje i wyk\u0142ady, organizuje festyny.\n<br><br>Przy Zarz\u0105dzie Okr\u0119gu w Poznaniu utworzona zosta\u0142a pierwsza w kraju grupa Stra\u017cy Ligi Ochrony Przyrody, kt\u00f3ra podejmuje zar\u00f3wno prewencyjne dzia\u0142ania kontrolne, jak i dzia\u0142ania interwencyjne reaguj\u0105c na zg\u0142oszenia obywateli.<\/p>\n\n\n\n<figure class=\"wp-block-embed is-type-video is-provider-youtube wp-block-embed-youtube wp-embed-aspect-16-9 wp-has-aspect-ratio\"><div class=\"wp-block-embed__wrapper\">\n<iframe loading=\"lazy\" title=\"Liga Ochrony Przyrody 95 lat\" width=\"700\" height=\"394\" src=\"https:\/\/www.youtube.com\/embed\/QENPXwve94I?feature=oembed\" frameborder=\"0\" allow=\"accelerometer; autoplay; clipboard-write; encrypted-media; gyroscope; picture-in-picture; web-share\" allowfullscreen><\/iframe>\n<\/div><\/figure>\n\n\n\n<br><p style=\"text-align: justify\">Pozna\u0144ski Okr\u0119g LOP mo\u017ce poszczyci\u0107 si\u0119 zar\u00f3wno wybitnymi i niezwykle oddanymi dzia\u0142aczami na rzecz ochrony przyrody, jak r\u00f3wnie\u017c wieloma sukcesami w podj\u0119tej walce. Od samego pocz\u0105tku istnienia Ligi na terenie Wielkopolski zmienia\u0142y si\u0119 nazwy, obszar administracyjny, zmieniali si\u0119 ludzie, zmienia\u0142y si\u0119 problemy i wyzwania z jakimi trzeba by\u0142o si\u0119 boryka\u0107, ale cel by\u0142 zawsze ten sam \u2013 ochroni\u0107 jedno z najcenniejszych d\u00f3br naszej ojczyzny \u2013 przyrod\u0119. Ju\u017c w drugim roku dzia\u0142ania Ligi Ochrony Przyrody w Polsce utworzono dwa pierwsze oddzia\u0142y LOP. By\u0142y to Oddzia\u0142 Pozna\u0144sko-Pomorski oraz Oddzia\u0142 Warszawski. Jednym z czo\u0142owych inicjator\u00f3w utworzenia Oddzia\u0142u Pozna\u0144sko-Pomorskiego z siedzib\u0105 w Poznaniu by\u0142 prof. Adam Wodziczko. Gdy w 1929 roku oddzia\u0142 ten zosta\u0142 powo\u0142any przez w\u0142adze centralne LOP, Wodziczko zosta\u0142 jego wiceprezesem. Jako prezesa wybrano dra Bernarda Chrzanowskiego.\n\n<br><br>D. \u0141owicki, J. Romankow, \u201eHistoria i postaci Ligi Ochrony Przyrody w Poznaniu: 90 lat Ligi Ochrony Przyrody w Polsce\u201d, Pozna\u0144 2018.<\/p>\n\n\n\n<p>Czytaj ca\u0142o\u015b\u0107 (<a href=\"https:\/\/www.wbc.poznan.pl\/dlibra\/publication\/550781\/edition\/457578\/content\" target=\"_blank\" rel=\"noreferrer noopener\">https:\/\/www.wbc.poznan.pl\/dlibra\/publication\/550781\/edition\/457578\/content<\/a>)<\/p>\n\n\n\n<p><\/p>\n","protected":false},"excerpt":{"rendered":"<p>Liga Ochrony Przyrody jest organizacj\u0105 po\u017cytku publicznego. Liga zosta\u0142a utworzona w 1928 roku. G\u0142\u00f3wnym celem organizacji jest kszta\u0142towanie \u015bwiadomo\u015bci i w\u0142a\u015bciwych postaw spo\u0142ecze\u0144stwa w stosunku do otaczaj\u0105cej przyrody i \u015brodowiska naturalnego. Zarz\u0105d Okr\u0119gu LOP w Poznaniu prowadzi konkursy przyrodnicze i&hellip; <\/p>\n","protected":false},"author":1,"featured_media":0,"parent":0,"menu_order":0,"comment_status":"closed","ping_status":"closed","template":"","meta":{"footnotes":""},"class_list":["post-50","page","type-page","status-publish","hentry"],"_links":{"self":[{"href":"https:\/\/lop-poznan.pl\/index.php?rest_route=\/wp\/v2\/pages\/50","targetHints":{"allow":["GET"]}}],"collection":[{"href":"https:\/\/lop-poznan.pl\/index.php?rest_route=\/wp\/v2\/pages"}],"about":[{"href":"https:\/\/lop-poznan.pl\/index.php?rest_route=\/wp\/v2\/types\/page"}],"author":[{"embeddable":true,"href":"https:\/\/lop-poznan.pl\/index.php?rest_route=\/wp\/v2\/users\/1"}],"replies":[{"embeddable":true,"href":"https:\/\/lop-poznan.pl\/index.php?rest_route=%2Fwp%2Fv2%2Fcomments&post=50"}],"version-history":[{"count":6,"href":"https:\/\/lop-poznan.pl\/index.php?rest_route=\/wp\/v2\/pages\/50\/revisions"}],"predecessor-version":[{"id":156,"href":"https:\/\/lop-poznan.pl\/index.php?rest_route=\/wp\/v2\/pages\/50\/revisions\/156"}],"wp:attachment":[{"href":"https:\/\/lop-poznan.pl\/index.php?rest_route=%2Fwp%2Fv2%2Fmedia&parent=50"}],"curies":[{"name":"wp","href":"https:\/\/api.w.org\/{rel}","templated":true}]}}