{"id":49,"date":"2024-01-07T22:33:39","date_gmt":"2024-01-07T21:33:39","guid":{"rendered":"https:\/\/lop-poznan.pl\/?page_id=49"},"modified":"2024-01-29T08:33:40","modified_gmt":"2024-01-29T07:33:40","slug":"zarzad","status":"publish","type":"page","link":"https:\/\/lop-poznan.pl\/?page_id=49","title":{"rendered":"Zarz\u0105d"},"content":{"rendered":"\n<p>Prezes: dr Daniel \u0141owicki<\/p>\n\n\n\n<p>Wice-prezes 1: \u0141ukasz Borkowski<\/p>\n\n\n\n<p>Wice-prezes 2: Wojciech Skrzekut<\/p>\n\n\n\n<p>Sekretarz: Dawid \u0141owicki<\/p>\n\n\n\n<p>Skarbnik: Bartosz Kucharski<\/p>\n\n\n\n<p>Cz\u0142onkowie Zarz\u0105du Okr\u0119gu: <\/p>\n\n\n\n<p>prof. Andrzej Bereszy\u0144ski<\/p>\n\n\n\n<p><a><\/a>Wojciech Skrzekut<\/p>\n\n\n\n<p>mec. \u0141ukasz Borkowski<\/p>\n\n\n\n<p>Dawid \u0141owicki<\/p>\n\n\n\n<p>Bartosz Kucharski<\/p>\n\n\n\n<p>Beata Osi\u0144ska<\/p>\n\n\n\n<p>Miko\u0142aj Malinowski<\/p>\n\n\n\n<p>Damian Ulatowsk<\/p>\n\n\n\n<p>DO KOMISJI REWIZYJNEJ WYBRANO:<\/p>\n\n\n\n<p>Agat\u0119 Galusik<\/p>\n\n\n\n<p>Eugeniusza Jacka<\/p>\n\n\n\n<p>Piotra Miko\u0142ajewskiego<\/p>\n\n\n\n<p>DO S\u0104DU KOLE\u017bE\u0143SKIEGO WYBRANO:<\/p>\n\n\n\n<p>dr. Jacka Romankowa<\/p>\n\n\n\n<p>Karola Swobod\u0119<\/p>\n\n\n\n<p>Mariusza Danielewicza<\/p>\n\n\n\n<p><em>Sk\u0142ad zarz\u0105du wybrany przez Zjazd Okr\u0119gu w Poznaniu w dniu<\/em> <em>22.02.2023<\/em><\/p>\n","protected":false},"excerpt":{"rendered":"<p>Prezes: dr Daniel \u0141owicki Wice-prezes 1: \u0141ukasz Borkowski Wice-prezes 2: Wojciech Skrzekut Sekretarz: Dawid \u0141owicki Skarbnik: Bartosz Kucharski Cz\u0142onkowie Zarz\u0105du Okr\u0119gu: prof. Andrzej Bereszy\u0144ski Wojciech Skrzekut mec. \u0141ukasz Borkowski Dawid \u0141owicki Bartosz Kucharski Beata Osi\u0144ska Miko\u0142aj Malinowski Damian Ulatowsk DO&hellip; <\/p>\n","protected":false},"author":1,"featured_media":0,"parent":0,"menu_order":0,"comment_status":"closed","ping_status":"closed","template":"","meta":{"footnotes":""},"class_list":["post-49","page","type-page","status-publish","hentry"],"_links":{"self":[{"href":"https:\/\/lop-poznan.pl\/index.php?rest_route=\/wp\/v2\/pages\/49","targetHints":{"allow":["GET"]}}],"collection":[{"href":"https:\/\/lop-poznan.pl\/index.php?rest_route=\/wp\/v2\/pages"}],"about":[{"href":"https:\/\/lop-poznan.pl\/index.php?rest_route=\/wp\/v2\/types\/page"}],"author":[{"embeddable":true,"href":"https:\/\/lop-poznan.pl\/index.php?rest_route=\/wp\/v2\/users\/1"}],"replies":[{"embeddable":true,"href":"https:\/\/lop-poznan.pl\/index.php?rest_route=%2Fwp%2Fv2%2Fcomments&post=49"}],"version-history":[{"count":5,"href":"https:\/\/lop-poznan.pl\/index.php?rest_route=\/wp\/v2\/pages\/49\/revisions"}],"predecessor-version":[{"id":153,"href":"https:\/\/lop-poznan.pl\/index.php?rest_route=\/wp\/v2\/pages\/49\/revisions\/153"}],"wp:attachment":[{"href":"https:\/\/lop-poznan.pl\/index.php?rest_route=%2Fwp%2Fv2%2Fmedia&parent=49"}],"curies":[{"name":"wp","href":"https:\/\/api.w.org\/{rel}","templated":true}]}}

Zarząd

<p>Prezes: dr Daniel Łowicki</p>



<p>Wice-prezes 1: Łukasz Borkowski</p>



<p>Wice-prezes 2: Wojciech Skrzekut</p>



<p>Sekretarz: Dawid Łowicki</p>



<p>Skarbnik: Bartosz Kucharski</p>



<p>Członkowie Zarządu Okręgu: </p>



<p>prof. Andrzej Bereszyński</p>



<p><a></a>Wojciech Skrzekut</p>



<p>mec. Łukasz Borkowski</p>



<p>Dawid Łowicki</p>



<p>Bartosz Kucharski</p>



<p>Beata Osińska</p>



<p>Mikołaj Malinowski</p>



<p>Damian Ulatowsk</p>



<p>DO KOMISJI REWIZYJNEJ WYBRANO:</p>



<p>Agatę Galusik</p>



<p>Eugeniusza Jacka</p>



<p>Piotra Mikołajewskiego</p>



<p>DO SĄDU KOLEŻEŃSKIEGO WYBRANO:</p>



<p>dr. Jacka Romankowa</p>



<p>Karola Swobodę</p>



<p>Mariusza Danielewicza</p>



<p><em>Skład zarządu wybrany przez Zjazd Okręgu w Poznaniu w dniu</em> <em>22.02.2023</em></p>

<p>Prezes: dr Daniel Łowicki Wice-prezes 1: Łukasz Borkowski Wice-prezes 2: Wojciech Skrzekut Sekretarz: Dawid Łowicki Skarbnik: Bartosz Kucharski Członkowie Zarządu Okręgu: prof. Andrzej Bereszyński Wojciech Skrzekut mec. Łukasz Borkowski Dawid Łowicki Bartosz Kucharski Beata Osińska Mikołaj Malinowski Damian Ulatowsk DO&hellip; </p>
