{"id":47,"date":"2024-01-07T22:33:39","date_gmt":"2024-01-07T21:33:39","guid":{"rendered":"https:\/\/lop-poznan.pl\/?page_id=47"},"modified":"2024-01-09T20:33:36","modified_gmt":"2024-01-09T19:33:36","slug":"kontakt","status":"publish","type":"page","link":"https:\/\/lop-poznan.pl\/?page_id=47","title":{"rendered":"kontakt"},"content":{"rendered":"\n<img decoding=\"async\" src=\"http:\/\/lop-poznan.pl\/wp-content\/uploads\/2024\/01\/siedziba.jpg\" width=\"50%\" height=\"50%\" align=\"right\" alt=\"[Rozmiar: 1002211 bajt\u00f3w]\">\nLiga Ochrony Przyrody\n<br>Zarz\u0105d Okr\u0119gu w Poznaniu\n<br>Al. Niepodleg\u0142o\u015bci 32\n<br>61-714 Pozna\u0144\n<br><br>e-mail:<a href=\"mailto:lop-z.o.poznan@wp.pl\" id=\"contacts\">lop-z.o.poznan@wp.pl<\/a>\n<br>Tel. 667 194 166\n<br>NIP: 778-11-74-795\n<br>Numer konta: Bank PEKAO S.A \n<br>18 1240 6524 1111 0010 5647 5844\n\n","protected":false},"excerpt":{"rendered":"<p>Liga Ochrony Przyrody Zarz\u0105d Okr\u0119gu w Poznaniu Al. Niepodleg\u0142o\u015bci 32 61-714 Pozna\u0144 e-mail:lop-z.o.poznan@wp.pl Tel. 667 194 166 NIP: 778-11-74-795 Numer konta: Bank PEKAO S.A 18 1240 6524 1111 0010 5647 5844<\/p>\n","protected":false},"author":1,"featured_media":0,"parent":0,"menu_order":0,"comment_status":"closed","ping_status":"closed","template":"","meta":{"footnotes":""},"class_list":["post-47","page","type-page","status-publish","hentry"],"_links":{"self":[{"href":"https:\/\/lop-poznan.pl\/index.php?rest_route=\/wp\/v2\/pages\/47","targetHints":{"allow":["GET"]}}],"collection":[{"href":"https:\/\/lop-poznan.pl\/index.php?rest_route=\/wp\/v2\/pages"}],"about":[{"href":"https:\/\/lop-poznan.pl\/index.php?rest_route=\/wp\/v2\/types\/page"}],"author":[{"embeddable":true,"href":"https:\/\/lop-poznan.pl\/index.php?rest_route=\/wp\/v2\/users\/1"}],"replies":[{"embeddable":true,"href":"https:\/\/lop-poznan.pl\/index.php?rest_route=%2Fwp%2Fv2%2Fcomments&post=47"}],"version-history":[{"count":2,"href":"https:\/\/lop-poznan.pl\/index.php?rest_route=\/wp\/v2\/pages\/47\/revisions"}],"predecessor-version":[{"id":78,"href":"https:\/\/lop-poznan.pl\/index.php?rest_route=\/wp\/v2\/pages\/47\/revisions\/78"}],"wp:attachment":[{"href":"https:\/\/lop-poznan.pl\/index.php?rest_route=%2Fwp%2Fv2%2Fmedia&parent=47"}],"curies":[{"name":"wp","href":"https:\/\/api.w.org\/{rel}","templated":true}]}}