{"id":121,"date":"2024-01-24T17:23:48","date_gmt":"2024-01-24T16:23:48","guid":{"rendered":"https:\/\/lop-poznan.pl\/?page_id=121"},"modified":"2024-01-24T17:47:01","modified_gmt":"2024-01-24T16:47:01","slug":"straz-ligi-ochrony-przyrody-2","status":"publish","type":"page","link":"https:\/\/lop-poznan.pl\/?page_id=121","title":{"rendered":"STRA\u017b LIGI OCHRONY PRZYRODY"},"content":{"rendered":"\n<p><strong>Grupa Rejonowa w Wierzonce<\/strong><\/p>\n\n\n\n<p>Komendant: Beata Osi\u0144ska<\/p>\n\n\n\n<p>Wojew\u00f3dztwo wielkopolskie, Gmina Swarz\u0119dz<\/p>\n\n\n\n<p>ul. Gminna 38, 62-006 WIERZONKA<\/p>\n\n\n\n<p>Tel: 513-134-703, e-mail: <a href=\"mailto:straz.lopwierzonka@wp.pl\">straz.lopwierzonka@wp.pl<\/a><\/p>\n\n\n<div class=\"wp-block-image\">\n<figure class=\"alignleft size-medium\"><a href=\"https:\/\/www.facebook.com\/profile.php?id=100068919023727\" target=\"_blank\" rel=\"noreferrer noopener\"><img loading=\"lazy\" decoding=\"async\" width=\"300\" height=\"99\" src=\"https:\/\/lop-poznan.pl\/wp-content\/uploads\/2024\/01\/FACEBOOK-300x99.png\" alt=\"\" class=\"wp-image-130\" srcset=\"https:\/\/lop-poznan.pl\/wp-content\/uploads\/2024\/01\/FACEBOOK-300x99.png 300w, https:\/\/lop-poznan.pl\/wp-content\/uploads\/2024\/01\/FACEBOOK.png 391w\" sizes=\"auto, (max-width: 300px) 100vw, 300px\" \/><\/a><\/figure>\n<\/div>","protected":false},"excerpt":{"rendered":"<p>Grupa Rejonowa w Wierzonce Komendant: Beata Osi\u0144ska Wojew\u00f3dztwo wielkopolskie, Gmina Swarz\u0119dz ul. Gminna 38, 62-006 WIERZONKA Tel: 513-134-703, e-mail: straz.lopwierzonka@wp.pl<\/p>\n","protected":false},"author":1,"featured_media":0,"parent":0,"menu_order":0,"comment_status":"closed","ping_status":"closed","template":"","meta":{"footnotes":""},"class_list":["post-121","page","type-page","status-publish","hentry"],"_links":{"self":[{"href":"https:\/\/lop-poznan.pl\/index.php?rest_route=\/wp\/v2\/pages\/121","targetHints":{"allow":["GET"]}}],"collection":[{"href":"https:\/\/lop-poznan.pl\/index.php?rest_route=\/wp\/v2\/pages"}],"about":[{"href":"https:\/\/lop-poznan.pl\/index.php?rest_route=\/wp\/v2\/types\/page"}],"author":[{"embeddable":true,"href":"https:\/\/lop-poznan.pl\/index.php?rest_route=\/wp\/v2\/users\/1"}],"replies":[{"embeddable":true,"href":"https:\/\/lop-poznan.pl\/index.php?rest_route=%2Fwp%2Fv2%2Fcomments&post=121"}],"version-history":[{"count":6,"href":"https:\/\/lop-poznan.pl\/index.php?rest_route=\/wp\/v2\/pages\/121\/revisions"}],"predecessor-version":[{"id":134,"href":"https:\/\/lop-poznan.pl\/index.php?rest_route=\/wp\/v2\/pages\/121\/revisions\/134"}],"wp:attachment":[{"href":"https:\/\/lop-poznan.pl\/index.php?rest_route=%2Fwp%2Fv2%2Fmedia&parent=121"}],"curies":[{"name":"wp","href":"https:\/\/api.w.org\/{rel}","templated":true}]}}